{"id":41,"date":"2016-01-21T10:52:39","date_gmt":"2016-01-21T10:52:39","guid":{"rendered":"http:\/\/barcziautosiskola.com\/?page_id=41"},"modified":"2024-04-21T18:08:38","modified_gmt":"2024-04-21T18:08:38","slug":"kepzesi-engedely","status":"publish","type":"page","link":"https:\/\/barcziautosiskola.com\/?page_id=41","title":{"rendered":"K\u00e9pz\u00e9si enged\u00e9ly"},"content":{"rendered":"<p style=\"text-align: center;\"><img loading=\"lazy\" decoding=\"async\" class=\"aligncenter size-large wp-image-549\" src=\"http:\/\/barcziautosiskola.com\/wp-content\/uploads\/2016\/01\/Scan_0022-725x1024.jpg\" alt=\"Scan_0022\" width=\"725\" height=\"1024\" srcset=\"https:\/\/barcziautosiskola.com\/wp-content\/uploads\/2016\/01\/Scan_0022-725x1024.jpg 725w, https:\/\/barcziautosiskola.com\/wp-content\/uploads\/2016\/01\/Scan_0022-212x300.jpg 212w, https:\/\/barcziautosiskola.com\/wp-content\/uploads\/2016\/01\/Scan_0022-768x1085.jpg 768w\" sizes=\"auto, (max-width: 725px) 100vw, 725px\" \/><\/p>\n<p>&nbsp;<\/p>\n<hr>\n<p>&nbsp;<\/p>\n<p><img loading=\"lazy\" decoding=\"async\" class=\"aligncenter size-large wp-image-552\" src=\"http:\/\/barcziautosiskola.com\/wp-content\/uploads\/2016\/01\/Scan_0023-724x1024.jpg\" alt=\"Scan_0023\" width=\"724\" height=\"1024\" srcset=\"https:\/\/barcziautosiskola.com\/wp-content\/uploads\/2016\/01\/Scan_0023-724x1024.jpg 724w, https:\/\/barcziautosiskola.com\/wp-content\/uploads\/2016\/01\/Scan_0023-212x300.jpg 212w, https:\/\/barcziautosiskola.com\/wp-content\/uploads\/2016\/01\/Scan_0023-768x1086.jpg 768w, https:\/\/barcziautosiskola.com\/wp-content\/uploads\/2016\/01\/Scan_0023.jpg 827w\" sizes=\"auto, (max-width: 724px) 100vw, 724px\" \/><\/p>\n<hr>\n<p>&nbsp;<\/p>\n<p><img loading=\"lazy\" decoding=\"async\" class=\"size-full wp-image-410 aligncenter\" src=\"http:\/\/barcziautosiskola.com\/wp-content\/uploads\/2016\/01\/Kepzesi-engedely.png\" alt=\"Kepzesi engedely\" width=\"827\" height=\"1169\" srcset=\"https:\/\/barcziautosiskola.com\/wp-content\/uploads\/2016\/01\/Kepzesi-engedely.png 827w, https:\/\/barcziautosiskola.com\/wp-content\/uploads\/2016\/01\/Kepzesi-engedely-212x300.png 212w, https:\/\/barcziautosiskola.com\/wp-content\/uploads\/2016\/01\/Kepzesi-engedely-768x1086.png 768w, https:\/\/barcziautosiskola.com\/wp-content\/uploads\/2016\/01\/Kepzesi-engedely-724x1024.png 724w\" sizes=\"auto, (max-width: 827px) 100vw, 827px\" \/><\/p>\n","protected":false},"excerpt":{"rendered":"<p>&nbsp; &nbsp; &nbsp;<\/p>\n","protected":false},"author":1,"featured_media":0,"parent":0,"menu_order":3,"comment_status":"closed","ping_status":"closed","template":"","meta":{"footnotes":""},"class_list":["post-41","page","type-page","status-publish","hentry"],"_links":{"self":[{"href":"https:\/\/barcziautosiskola.com\/index.php?rest_route=\/wp\/v2\/pages\/41","targetHints":{"allow":["GET"]}}],"collection":[{"href":"https:\/\/barcziautosiskola.com\/index.php?rest_route=\/wp\/v2\/pages"}],"about":[{"href":"https:\/\/barcziautosiskola.com\/index.php?rest_route=\/wp\/v2\/types\/page"}],"author":[{"embeddable":true,"href":"https:\/\/barcziautosiskola.com\/index.php?rest_route=\/wp\/v2\/users\/1"}],"replies":[{"embeddable":true,"href":"https:\/\/barcziautosiskola.com\/index.php?rest_route=%2Fwp%2Fv2%2Fcomments&post=41"}],"version-history":[{"count":16,"href":"https:\/\/barcziautosiskola.com\/index.php?rest_route=\/wp\/v2\/pages\/41\/revisions"}],"predecessor-version":[{"id":949,"href":"https:\/\/barcziautosiskola.com\/index.php?rest_route=\/wp\/v2\/pages\/41\/revisions\/949"}],"wp:attachment":[{"href":"https:\/\/barcziautosiskola.com\/index.php?rest_route=%2Fwp%2Fv2%2Fmedia&parent=41"}],"curies":[{"name":"wp","href":"https:\/\/api.w.org\/{rel}","templated":true}]}}