{"id":37,"date":"2016-01-21T10:48:31","date_gmt":"2016-01-21T10:48:31","guid":{"rendered":"http:\/\/barcziautosiskola.com\/?page_id=37"},"modified":"2025-05-13T19:31:39","modified_gmt":"2025-05-13T19:31:39","slug":"mutatoszamok","status":"publish","type":"page","link":"https:\/\/barcziautosiskola.com\/?page_id=37","title":{"rendered":"Mutat\u00f3sz\u00e1mok"},"content":{"rendered":"<p><strong>Vizsga Sikeress\u00e9gi Mutat\u00f3<\/strong><br \/>\nA Nemzeti K\u00f6zleked\u00e9si Hat\u00f3s\u00e1g rendszeres felm\u00e9r\u00e9st k\u00e9sz\u00edt a sikeres vizsg\u00e1k sz\u00e1m\u00e1r\u00f3l. Az adatok negyed\u00e9vente friss\u00fclnek.<br \/>\nAz al\u00e1bbi kinkre kattintva megtekintheti: <span style=\"text-decoration: underline; color: #333399;\"><a style=\"text-decoration: underline; color: #333399;\" href=\"https:\/\/vizsgakozpont.hu\/ako_vsm\" target=\"_blank\" rel=\"noopener noreferrer\">Vizsga Sikeress\u00e9gi Mutat\u00f3 (VSM).<\/a><\/span><\/p>\n<h4 style=\"text-align: center;\"><span style=\"color: #000000;\">FOGYASZT\u00d3V\u00c9DELMI MUTAT\u00d3SZ\u00c1MOK<\/span><\/h4>\n<p style=\"text-align: center;\"><strong>2025.I.negyed\u00e9v<\/strong><br \/>\n<strong>\u00c1tlagos k\u00e9pz\u00e9si \u00f3rasz\u00e1m: 157,55 %<\/strong><br \/>\n<strong>Vizsga sikeress\u00e9gi mutat\u00f3 <\/strong><br \/>\n<strong>elm\u00e9let\u201dB\u201d-kateg\u00f3ria 54,35% %, <\/strong><br \/>\n<strong>forgalom \u201cB\u201d-kateg\u00f3ria 38,53 %<\/strong><br \/>\n<strong>K\u00e9pz\u00e9si k\u00f6lts\u00e9g: 404\u2019817 Ft<\/strong><\/p>\n","protected":false},"excerpt":{"rendered":"<p>Vizsga Sikeress\u00e9gi Mutat\u00f3 A Nemzeti K\u00f6zleked\u00e9si Hat\u00f3s\u00e1g rendszeres felm\u00e9r\u00e9st k\u00e9sz\u00edt a sikeres vizsg\u00e1k sz\u00e1m\u00e1r\u00f3l. Az adatok negyed\u00e9vente friss\u00fclnek. Az al\u00e1bbi kinkre kattintva megtekintheti: Vizsga Sikeress\u00e9gi Mutat\u00f3 (VSM). FOGYASZT\u00d3V\u00c9DELMI MUTAT\u00d3SZ\u00c1MOK 2025.I.negyed\u00e9v \u00c1tlagos k\u00e9pz\u00e9si \u00f3rasz\u00e1m: 157,55 % Vizsga sikeress\u00e9gi mutat\u00f3 elm\u00e9let\u201dB\u201d-kateg\u00f3ria 54,35% %, forgalom \u201cB\u201d-kateg\u00f3ria 38,53 % K\u00e9pz\u00e9si k\u00f6lts\u00e9g: 404\u2019817 Ft<\/p>\n","protected":false},"author":1,"featured_media":0,"parent":0,"menu_order":1,"comment_status":"closed","ping_status":"closed","template":"","meta":{"footnotes":""},"class_list":["post-37","page","type-page","status-publish","hentry"],"_links":{"self":[{"href":"https:\/\/barcziautosiskola.com\/index.php?rest_route=\/wp\/v2\/pages\/37","targetHints":{"allow":["GET"]}}],"collection":[{"href":"https:\/\/barcziautosiskola.com\/index.php?rest_route=\/wp\/v2\/pages"}],"about":[{"href":"https:\/\/barcziautosiskola.com\/index.php?rest_route=\/wp\/v2\/types\/page"}],"author":[{"embeddable":true,"href":"https:\/\/barcziautosiskola.com\/index.php?rest_route=\/wp\/v2\/users\/1"}],"replies":[{"embeddable":true,"href":"https:\/\/barcziautosiskola.com\/index.php?rest_route=%2Fwp%2Fv2%2Fcomments&post=37"}],"version-history":[{"count":35,"href":"https:\/\/barcziautosiskola.com\/index.php?rest_route=\/wp\/v2\/pages\/37\/revisions"}],"predecessor-version":[{"id":975,"href":"https:\/\/barcziautosiskola.com\/index.php?rest_route=\/wp\/v2\/pages\/37\/revisions\/975"}],"wp:attachment":[{"href":"https:\/\/barcziautosiskola.com\/index.php?rest_route=%2Fwp%2Fv2%2Fmedia&parent=37"}],"curies":[{"name":"wp","href":"https:\/\/api.w.org\/{rel}","templated":true}]}}