{"id":31,"date":"2016-01-21T10:36:54","date_gmt":"2016-01-21T10:36:54","guid":{"rendered":"http:\/\/barcziautosiskola.com\/?page_id=31"},"modified":"2025-05-22T08:27:33","modified_gmt":"2025-05-22T08:27:33","slug":"e-learning","status":"publish","type":"page","link":"https:\/\/barcziautosiskola.com\/?page_id=31","title":{"rendered":"E-learning"},"content":{"rendered":"<p>Az e-learning a legfejlettebb informatikai \u00e9s oktat\u00e1s m\u00f3dszertani technol\u00f3gi\u00e1k hat\u00e9kony alkalmaz\u00e1sa a t\u00e1voktat\u00e1si folyamatban. Az e-learning rendszer\u0171 k\u00e9pz\u00e9sek sor\u00e1n a tanul\u00f3 \u00f6n\u00e1ll\u00f3an, ellen\u0151rz\u00f6tten, szab\u00e1lyozottan a saj\u00e1t id\u0151beoszt\u00e1sa \u00e9s k\u00e9pess\u00e9gei szerint haladhat el\u0151re a tanul\u00e1si folyamatban, oly m\u00f3don, hogy a k\u00e9pz\u00e9s ideje alatt folyamatos, teljes k\u00f6r\u0171 \u00e9s objekt\u00edv visszacsatol\u00e1st kap a megszerzett tud\u00e1sr\u00f3l \u00e9s annak z\u00ednvonal\u00e1r\u00f3l.<br \/>\nTanul\u00f3k csak min\u0151s\u00edtett \u00e9s tan\u00fas\u00edtott, magas sz\u00ednvonal\u00fa \u00e9s ellen\u0151rz\u00f6tt min\u0151s\u00e9g\u0171, akkredit\u00e1lt rendszerrel \u00e9s e learning tananyagokkal tal\u00e1lkozhatnak. A rendszerrel \u00e9s a tananyaggal szemben t\u00e1masztott k\u00f6vetelm\u00e9nyek k\u00f6vetkezt\u00e9ben a Tanul\u00f3 tev\u00e9kenys\u00e9ge \u00e9s megszerzett tud\u00e1sa nyomon k\u00f6vethet\u0151 \u00e9s objekt\u00edven ellen\u0151rizhet\u0151.<\/p>\n<p>Gyors, k\u00e9nyelmes, aki ezt a k\u00e9pz\u00e9si form\u00e1t v\u00e1lasztja otthon\u00e1ban, saj\u00e1t id\u0151beoszt\u00e1sa szerint tanulhat a sz\u00e1m\u00edt\u00f3g\u00e9pe seg\u00edts\u00e9g\u00e9vel.<\/p>\n","protected":false},"excerpt":{"rendered":"<p>Az e-learning a legfejlettebb informatikai \u00e9s oktat\u00e1s m\u00f3dszertani technol\u00f3gi\u00e1k hat\u00e9kony alkalmaz\u00e1sa a t\u00e1voktat\u00e1si folyamatban. Az e-learning rendszer\u0171 k\u00e9pz\u00e9sek sor\u00e1n a tanul\u00f3 \u00f6n\u00e1ll\u00f3an, ellen\u0151rz\u00f6tten, szab\u00e1lyozottan a saj\u00e1t id\u0151beoszt\u00e1sa \u00e9s k\u00e9pess\u00e9gei szerint haladhat el\u0151re a tanul\u00e1si folyamatban, oly m\u00f3don, hogy a k\u00e9pz\u00e9s ideje alatt folyamatos, teljes k\u00f6r\u0171 \u00e9s objekt\u00edv visszacsatol\u00e1st kap a [&hellip;]<\/p>\n","protected":false},"author":1,"featured_media":0,"parent":0,"menu_order":1,"comment_status":"closed","ping_status":"closed","template":"","meta":{"footnotes":""},"class_list":["post-31","page","type-page","status-publish","hentry"],"_links":{"self":[{"href":"https:\/\/barcziautosiskola.com\/index.php?rest_route=\/wp\/v2\/pages\/31","targetHints":{"allow":["GET"]}}],"collection":[{"href":"https:\/\/barcziautosiskola.com\/index.php?rest_route=\/wp\/v2\/pages"}],"about":[{"href":"https:\/\/barcziautosiskola.com\/index.php?rest_route=\/wp\/v2\/types\/page"}],"author":[{"embeddable":true,"href":"https:\/\/barcziautosiskola.com\/index.php?rest_route=\/wp\/v2\/users\/1"}],"replies":[{"embeddable":true,"href":"https:\/\/barcziautosiskola.com\/index.php?rest_route=%2Fwp%2Fv2%2Fcomments&post=31"}],"version-history":[{"count":16,"href":"https:\/\/barcziautosiskola.com\/index.php?rest_route=\/wp\/v2\/pages\/31\/revisions"}],"predecessor-version":[{"id":1011,"href":"https:\/\/barcziautosiskola.com\/index.php?rest_route=\/wp\/v2\/pages\/31\/revisions\/1011"}],"wp:attachment":[{"href":"https:\/\/barcziautosiskola.com\/index.php?rest_route=%2Fwp%2Fv2%2Fmedia&parent=31"}],"curies":[{"name":"wp","href":"https:\/\/api.w.org\/{rel}","templated":true}]}}