{"id":19,"date":"2016-01-21T10:31:39","date_gmt":"2016-01-21T10:31:39","guid":{"rendered":"http:\/\/barcziautosiskola.com\/?page_id=19"},"modified":"2025-06-01T21:36:09","modified_gmt":"2025-06-01T19:36:09","slug":"kapcsolat","status":"publish","type":"page","link":"https:\/\/barcziautosiskola.com\/?page_id=19","title":{"rendered":"Kapcsolat"},"content":{"rendered":"\n\n\n\n\n<table style=\"width: 100%; border-collapse: collapse;\">\n<tbody>\n<tr>\n<td style=\"width: 100%;\">\n<p>B\u00e1rczi Aut\u00f3siskola<br \/>3876 Hidasn\u00e9meti, Szabads\u00e1g \u00fat 2.<\/p>\n<p>\u00dcgyf\u00e9lfogad\u00e1si id\u0151:<br \/>Szerda: 13:00-t\u00f3l 17:00-ig<br \/>P\u00e9ntek: 13:00-t\u00f3l 17:00-ig<\/p>\n<p>Telefon: (46) 452-265<br \/>Mobil: 0630-413-1873<\/p>\n<p>e-mail: info@barcziautosiskola.com<br \/>barczilaszlo@gmail.hu<\/p>\n<p><iframe loading=\"lazy\" tabindex=\"0\" src=\"https:\/\/www.google.com\/maps\/embed?pb=!1m18!1m12!1m3!1d2643.358184384272!2d21.231917315541814!3d48.50719797925467!2m3!1f0!2f0!3f0!3m2!1i1024!2i768!4f13.1!3m3!1m2!1s0x473f3ca08fdf2689%3A0x3b9ed829588be654!2zSGlkYXNuw6ltZXRpLCBTemFiYWRzw6FnIMO6dCAyLCAzODc2IE1hZ3lhcm9yc3rDoWc!5e0!3m2!1shu!2ssk!4v1596530854248!5m2!1shu!2ssk\" width=\"322\" height=\"322\" frameborder=\"0\" allowfullscreen=\"allowfullscreen\"><\/iframe><\/p>\n<\/td>\n<\/tr>\n<tr>\n<td style=\"width: 100%;\">\n<p>\u00a0<\/p>\n<p>B\u00e1rczi Aut\u00f3siskola<br \/>3900 Szerencs, R\u00e1k\u00f3czi \u00fat 114.<br \/>(a Telenor \u00fczlet mellett a z\u00f6ld kapu)<\/p>\n<p>\u00dcgyf\u00e9lfogad\u00e1si id\u0151:<br \/>Kedd: 14:00-t\u00f3l 17:00-ig<br \/>Cs\u00fct\u00f6rt\u00f6k: 11:00-t\u00f3l 16:00-ig<\/p>\n<p>Mobil:<br \/>0630-413-1873<br \/>0620-976-3345<\/p>\n<p>e-mail: info@barcziautosiskola.com<br \/>barczilaszlo@gmail.hu<\/p>\n<p><iframe loading=\"lazy\" tabindex=\"0\" src=\"https:\/\/www.google.com\/maps\/embed?pb=!1m18!1m12!1m3!1d2661.370193271278!2d21.20441081552881!3d48.16094607922528!2m3!1f0!2f0!3f0!3m2!1i1024!2i768!4f13.1!3m3!1m2!1s0x473f51846b8f84fd%3A0x7904df124bd687cf!2zU3plcmVuY3MsIFLDoWvDs2N6aSDDunQgMTE0LCAzOTAwIE1hZ3lhcm9yc3rDoWc!5e0!3m2!1shu!2ssk!4v1596530686963!5m2!1shu!2ssk\" width=\"322\" height=\"322\" frameborder=\"0\" allowfullscreen=\"allowfullscreen\"><\/iframe><\/p>\n<\/td>\n<\/tr>\n<tr>\n<td style=\"width: 100%;\">\n<p>\u00a0<\/p>\n<p>B\u00e1rczi Aut\u00f3siskola<br \/>3881 Aba\u00fajsz\u00e1nt\u00f3, B\u00e9ke \u00fat 30.<br \/>(A benzink\u00fat mellett)<\/p>\n<p>\u00dcgyf\u00e9lfogad\u00e1si id\u0151:<br \/>Szerda 13:30-t\u00f3l 16:30-ig<br \/>P\u00e9ntek: 13:30-t\u00f3l 16:30-ig<\/p>\n<p>Mobil:<br \/>0630-574-7875<br \/>0630-413-1873<br \/>0620-976-3345<\/p>\n<p>e-mail: info@barcziautosiskola.com<br \/>barczilaszlo@gmail.hu<\/p>\n<p><iframe loading=\"lazy\" tabindex=\"0\" src=\"https:\/\/www.google.com\/maps\/embed?pb=!1m18!1m12!1m3!1d2655.342067405157!2d21.183597115533136!3d48.27703467923487!2m3!1f0!2f0!3f0!3m2!1i1024!2i768!4f13.1!3m3!1m2!1s0x473f4f56f521a977%3A0x406ae29eaeb97bc3!2zQWJhw7pqc3rDoW50w7MsIELDqWtlIMO6dCAzMCwgMzg4MSBNYWd5YXJvcnN6w6Fn!5e0!3m2!1shu!2ssk!4v1596531470031!5m2!1shu!2ssk\" width=\"322\" height=\"322\" frameborder=\"0\" allowfullscreen=\"allowfullscreen\"><\/iframe><\/p>\n<\/td>\n<\/tr>\n<\/tbody>\n<\/table>\n\n\n","protected":false},"excerpt":{"rendered":"<p>B\u00e1rczi Aut\u00f3siskola3876 Hidasn\u00e9meti, Szabads\u00e1g \u00fat 2. \u00dcgyf\u00e9lfogad\u00e1si id\u0151:Szerda: 13:00-t\u00f3l 17:00-igP\u00e9ntek: 13:00-t\u00f3l 17:00-ig Telefon: (46) 452-265Mobil: 0630-413-1873 e-mail: info@barcziautosiskola.combarczilaszlo@gmail.hu \u00a0 B\u00e1rczi Aut\u00f3siskola3900 Szerencs, R\u00e1k\u00f3czi \u00fat 114.(a Telenor \u00fczlet mellett a z\u00f6ld kapu) \u00dcgyf\u00e9lfogad\u00e1si id\u0151:Kedd: 14:00-t\u00f3l 17:00-igCs\u00fct\u00f6rt\u00f6k: 11:00-t\u00f3l 16:00-ig Mobil:0630-413-18730620-976-3345 e-mail: info@barcziautosiskola.combarczilaszlo@gmail.hu \u00a0 B\u00e1rczi Aut\u00f3siskola3881 Aba\u00fajsz\u00e1nt\u00f3, B\u00e9ke \u00fat 30.(A benzink\u00fat mellett) \u00dcgyf\u00e9lfogad\u00e1si [&hellip;]<\/p>\n","protected":false},"author":1,"featured_media":0,"parent":0,"menu_order":7,"comment_status":"closed","ping_status":"closed","template":"","meta":{"footnotes":""},"class_list":["post-19","page","type-page","status-publish","hentry"],"_links":{"self":[{"href":"https:\/\/barcziautosiskola.com\/index.php?rest_route=\/wp\/v2\/pages\/19","targetHints":{"allow":["GET"]}}],"collection":[{"href":"https:\/\/barcziautosiskola.com\/index.php?rest_route=\/wp\/v2\/pages"}],"about":[{"href":"https:\/\/barcziautosiskola.com\/index.php?rest_route=\/wp\/v2\/types\/page"}],"author":[{"embeddable":true,"href":"https:\/\/barcziautosiskola.com\/index.php?rest_route=\/wp\/v2\/users\/1"}],"replies":[{"embeddable":true,"href":"https:\/\/barcziautosiskola.com\/index.php?rest_route=%2Fwp%2Fv2%2Fcomments&post=19"}],"version-history":[{"count":105,"href":"https:\/\/barcziautosiskola.com\/index.php?rest_route=\/wp\/v2\/pages\/19\/revisions"}],"predecessor-version":[{"id":1067,"href":"https:\/\/barcziautosiskola.com\/index.php?rest_route=\/wp\/v2\/pages\/19\/revisions\/1067"}],"wp:attachment":[{"href":"https:\/\/barcziautosiskola.com\/index.php?rest_route=%2Fwp%2Fv2%2Fmedia&parent=19"}],"curies":[{"name":"wp","href":"https:\/\/api.w.org\/{rel}","templated":true}]}}