{"id":15,"date":"2016-01-21T10:31:06","date_gmt":"2016-01-21T10:31:06","guid":{"rendered":"http:\/\/barcziautosiskola.com\/?page_id=15"},"modified":"2024-04-21T19:00:31","modified_gmt":"2024-04-21T19:00:31","slug":"dokumentumok","status":"publish","type":"page","link":"https:\/\/barcziautosiskola.com\/?page_id=15","title":{"rendered":"Dokumentumok"},"content":{"rendered":"<p style=\"text-align: left;\"><span style=\"text-decoration: underline; color: #333399;\"><a style=\"color: #333399; text-decoration: underline;\" href=\"http:\/\/barcziautosiskola.com\/?page_id=37\"><img loading=\"lazy\" decoding=\"async\" class=\"wp-image-363 alignleft\" src=\"http:\/\/barcziautosiskola.com\/wp-content\/uploads\/2016\/01\/Details-and-Documents.jpg\" alt=\"Details-and-Documents\" width=\"271\" height=\"113\" srcset=\"https:\/\/barcziautosiskola.com\/wp-content\/uploads\/2016\/01\/Details-and-Documents.jpg 600w, https:\/\/barcziautosiskola.com\/wp-content\/uploads\/2016\/01\/Details-and-Documents-300x125.jpg 300w\" sizes=\"auto, (max-width: 271px) 100vw, 271px\" \/>Mutat\u00f3sz\u00e1mok<\/a><\/span><br \/>\n<span style=\"text-decoration: underline; color: #333399;\"><a style=\"color: #333399; text-decoration: underline;\" href=\"http:\/\/barcziautosiskola.com\/?page_id=39\">Tanul\u00f3i t\u00e1jekoztat\u00f3 \u00e9s v\u00e1llal\u00e1si felt\u00e9telek<br \/>\n<\/a><a style=\"color: #333399; text-decoration: underline;\" href=\"http:\/\/barcziautosiskola.com\/?page_id=41\">K\u00e9pz\u00e9si Enged\u00e9ly<\/a><a style=\"color: #333399; text-decoration: underline;\" href=\"http:\/\/barcziautosiskola.com\/?page_id=39\"><br \/>\n<\/a><a style=\"color: #333399; text-decoration: underline;\" href=\"http:\/\/barcziautosiskola.com\/?page_id=906\">Adatv\u00e9delmi t\u00e1j\u00e9koztat\u00f3 &#8211; GDPR<\/a><a style=\"color: #333399; text-decoration: underline;\" href=\"http:\/\/barcziautosiskola.com\/?page_id=39\"><br \/>\n<\/a><\/span><\/p>\n","protected":false},"excerpt":{"rendered":"<p>Mutat\u00f3sz\u00e1mok Tanul\u00f3i t\u00e1jekoztat\u00f3 \u00e9s v\u00e1llal\u00e1si felt\u00e9telek K\u00e9pz\u00e9si Enged\u00e9ly Adatv\u00e9delmi t\u00e1j\u00e9koztat\u00f3 &#8211; GDPR<\/p>\n","protected":false},"author":1,"featured_media":0,"parent":0,"menu_order":5,"comment_status":"closed","ping_status":"closed","template":"","meta":{"footnotes":""},"class_list":["post-15","page","type-page","status-publish","hentry"],"_links":{"self":[{"href":"https:\/\/barcziautosiskola.com\/index.php?rest_route=\/wp\/v2\/pages\/15","targetHints":{"allow":["GET"]}}],"collection":[{"href":"https:\/\/barcziautosiskola.com\/index.php?rest_route=\/wp\/v2\/pages"}],"about":[{"href":"https:\/\/barcziautosiskola.com\/index.php?rest_route=\/wp\/v2\/types\/page"}],"author":[{"embeddable":true,"href":"https:\/\/barcziautosiskola.com\/index.php?rest_route=\/wp\/v2\/users\/1"}],"replies":[{"embeddable":true,"href":"https:\/\/barcziautosiskola.com\/index.php?rest_route=%2Fwp%2Fv2%2Fcomments&post=15"}],"version-history":[{"count":29,"href":"https:\/\/barcziautosiskola.com\/index.php?rest_route=\/wp\/v2\/pages\/15\/revisions"}],"predecessor-version":[{"id":968,"href":"https:\/\/barcziautosiskola.com\/index.php?rest_route=\/wp\/v2\/pages\/15\/revisions\/968"}],"wp:attachment":[{"href":"https:\/\/barcziautosiskola.com\/index.php?rest_route=%2Fwp%2Fv2%2Fmedia&parent=15"}],"curies":[{"name":"wp","href":"https:\/\/api.w.org\/{rel}","templated":true}]}}